s the hundred thousands digit of 5850180?
8
What is the units digit of 156684?
4
What is the hundreds digit of 2372700?
7
What is the ten thousands digit of 18915?
1
What is the tens digit of 3663077?
7
What is the millions digit of 1024983?
1
What is the hundreds digit of 830974?
9
What is the hundreds digit of 254584?
5
What is the hundred thousands digit of 6100979?
1
What is the hundred thousands digit of 1892856?
8
What is the units digit of 1702429?
9
What is the tens digit of 562409?
0
What is the ten thousands digit of 794299?
9
What is the ten thousands digit of 10852272?
5
What is the hundreds digit of 17185695?
6
What is the hundred thousands digit of 2279431?
2
What is the thousands digit of 788625?
8
What is the hundred thousands digit of 444335?
4
What is the hundred thousands digit of 131412?
1
What is the hundreds digit of 221022?
0
What is the millions digit of 1606342?
1
What is the millions digit of 1268833?
1
What is the units digit of 1242741?
1
What is the thousands digit of 4721?
4
What is the thousands digit of 151043?
1
What is the ten thousands digit of 2982475?
8
What is the tens digit of 39936?
3
What is the thousands digit of 4869164?
9
What is the tens digit of 9488228?
2
What is the hundred thousands digit of 3410488?
4
What is the hundreds digit of 3966312?
3
What is the thousands digit of 1026203?
6
What is the ten thousands digit of 301945?
0
What is the units digit of 240860?
0
What is the tens digit of 309667?
6
What is the ten thousands digit of 604860?
0
What is the millions digit of 8959828?
8
What is the hundreds digit of 8769213?
2
What is the hundreds digit of 35065773?
7
What is the hundred thousands digit of 505652?
5
What is the tens digit of 805052?
5
What is the ten thousands digit of 1099027?
9
What is the tens digit of 30165243?
4
What is the thousands digit of 23113?
3
What is the tens digit of 3610026?
2
What is the hundreds digit of 1857623?
6
What is the thousands digit of 15247136?
7
What is the millions digit of 10781113?
0
What is the thousands digit of 2559495?
9
What is the thousands digit of 17538?
7
What is the tens digit of 10921028?
2
What is the units digit of 98597?
7
What is the thousands digit of 104533?
4
What is the thousands digit of 376947?
6
What is the hundred thousands digit of 2201487?
2
What is the ten thousands digit of 1649656?
4
What is the units digit of 333900?
0
What is the hundreds digit of 1684344?
3
What is the units digit of 1790400?
0
What is the thousands digit of 20220528?
0
What is the thousands digit of 13379673?
9
What is the millions digit of 9814898?
9
What is the hundred thousands digit of 391427?
3
What is the units digit of 206606?
6
What is the tens digit of 21541?
4
What is the thousands digit of 364412?
4
What is the hundred thousands digit of 11567207?
5
What is the ten thousands digit of 459131?
5
What is the hundreds digit of 1661083?
0
What is the hundred thousands digit of 130408?
1
What is the tens digit of 35258201?
0
What is the hundreds digit of 7027284?
2
What is the hundred thousands digit of 3870525?
8
What is the units digit of 5579810?
0
What is the ten thousands digit of 175647?
7
What is the hundred thousands digit of 210593?
2
What is the hundreds digit of 649925?
9
What is the tens digit of 458764?
6
What is the units digit of 816353?
3
What is the units digit of 756607?
7
What is the hundreds digit of 16878213?
2
What is the millions digit of 1253524?
1
What is the ten thousands digit of 37550?
3
What is the thousands digit of 190834?
0
What is the tens digit of 169435?
3
What is the units digit of 1336638?
8
What is the tens digit of 327980?
8
What is the thousands digit of 5667370?
7
What is the thousands digit of 359247?
9
What is the units digit of 480543?
3
What is the ten thousands digit of 57552?
5
What is the hundred thousands digit of 177821?
1
What is the tens digit of 2535233?
3
What is the units digit of 5764039?
9
What is the thousands digit of 345998?
5
What is the units digit of 496120?
0
What is the hundreds digit of 16655670?
6
What is the units digit of 1062925?
5
What is the hundred thousands digit of 565259?
5
What is the ten millions digit of 13896922?
1
What is the millions digit of 1306306?
1
What is the thousands digit of 2784362?
4
What is the hundred thousands digit of 3300683?
3
What is the ten thousands digit of 8257637?
5
What is the ten thousands digit of 6926074?
2
What is the units digit of 6615129?
9
What is the tens digit of 396011?
1
What is the ten millions digit of 27200180?
2
What is the units digit of 2717388?
8
What is the hundred thousands digit of 362338?
3
What is the hundred thousands digit of 1792380?
7
What is the hundred thousands digit of 1848378?
8
What is the units digit of 13457375?
5
What is the thousands digit of 2731275?
1
What is the units digit of 8289301?
1
What is the units digit of 8881205?
5
What is the millions digit of 2328533?
2
What is the millions digit of 5598094?
5
What is the units digit of 181892?
2
What is the millions digit of 3543145?
3
What is the thousands digit of 314393?
4
What is the hundred thousands digit of 955977?
9
What is the millions digit of 2474906?
2
What is the hundreds digit of 8365228?
2
What is the units digit of 282998?
8
What is the tens digit of 49670?
7
What is the ten thousands digit of 917738?
1
What is the ten thousands digit of 200798?
0
What is the hundred thousands digit of 317904?
3
What is the hundreds digit of 243466?
4
What is the hundreds digit of 3674198?
1
What is the tens digit of 4521093?
9
What is the hundred thousands digit of 3682138?
6
What is the ten thousands digit of 228677?
2
What is the hundred thousands digit of 258242?
2
What is the ten thousands digit of 1376469?
7
What is the millions digit of 7252992?
7
What is the units digit of 409336?
6
What is the hundreds digit of 154705?
7
What is the ten thousands digit of 6575314?
7
What is the hundreds digit of 104088?
0
What is the thousands digit of 2361168?
1
What is the units digit of 1362727?
7
What is the hundreds digit of 626086?
0
What is the hundreds digit of 2833697?
6
What is the tens digit of 4015288?
8
What is the ten thousands digit of 9313692?
1
What is the tens digit of 5059882?
8
What is the tens digit of 210021?
2
What is the units digit of 1813214?
4
What is the ten thousands digit of 101891?
0
What is the tens digit of 233926?
2
What is the thousands digit of 242997?
2
What is the thousands digit of 615547?
5
What is the hundreds digit of 19071738?
7
What is the tens digit of 121954?
5
What is the hundred thousands digit of 2822078?
8
What is the ten thousands digit of 294453?
9
What is the hundreds digit of 1891489?
4
What is the units digit of 47684?
4
What is the tens digit of 21562371?
7
What is the hundreds digit of 3382770?
7
What is the ten thousands digit of 71840?
7
What is the thousands digit of 49901?
9
What is the hundreds digit of 2278113?
1
What is the hundreds digit of 2515316?
3
What is the units digit of 3474706?
6
What is the hundred thousands digit of 835190?
8
What is the hundred thousands digit of 5446940?
4
What is the hundred thousands digit of 934595?
9
What is the hundred thousands digit of 1877199?
8
What is the hundreds digit of 707529?
5
What is the ten thousands digit of 2557548?
5
What is the ten thousands digit of 29726?
2
What is the units digit of 94764?
4
What is the units digit of 368881?
1
What is the tens digit of 201295?
9
What is the hundred thousands digit of 1372014?
3
What is the units digit of 3058397?
7
What is the thousands digit of 7802309?
2
What is the millions digit of 8845251?
8
What is the thousands digit of 928829?
8
What is the ten thousands digit of 11552281?
5
What is the tens digit of 5943970?
7
What is the units digit of 2745018?
8
What is the units digit of 3118756?
6
What is the ten thousands digit of 1414650?
1
What is the tens digit of 1786386?
8
What is the units digit of 1572918?
8
What is the ten thousands digit of 20497897?
9
What is the units digit of 13734697?
7
What is the units digit of 10876?
6
What is the hundred thousands digit of 601718?
6
What is the hundred thousands digit of 877070?
8
What is the hundreds digit of 16826?
8
What is the tens digit of 103734?
3
What i